{"id":2,"date":"2015-06-30T16:04:08","date_gmt":"2015-06-30T16:04:08","guid":{"rendered":"http:\/\/total.wpexplorer.com\/cleaner\/?page_id=2"},"modified":"2022-07-12T06:22:45","modified_gmt":"2022-07-12T06:22:45","slug":"home","status":"publish","type":"page","link":"https:\/\/poc.primariapantelimon.ro\/","title":{"rendered":"Acasa"},"content":{"rendered":"[vc_row full_width=&#8221;stretch_row&#8221; css=&#8221;.vc_custom_1489869133837{padding-top: 100px !important;padding-bottom: 60px !important;background-color: #f2f2f2 !important;}&#8221;][vc_column width=&#8221;2\/3&#8243; offset=&#8221;vc_col-xs-12&#8243;]<div class=\"vcex-heading vcex-module wpex-text-2xl wpex-font-normal wpex-m-auto wpex-max-w-100 vcex-heading-plain wpex-block\" style=\"color:#222222;font-size:28px;\"><span class=\"vcex-heading-inner wpex-inline-block wpex-clr\">Desf\u0103\u0219urarea \u00een bune conditii a serviciului public<\/span><\/div><div class=\"vcex-spacing wpex-w-100 wpex-clear\" style=\"height:10px;\"><\/div>[vc_column_text]de educa\u021bie \u00een mediul online pentru anul \u0219colar 2020- 2021 la \u0218coala Gimnazial\u0103 nr. 1 din Ora\u0219ul Pantelimon, jude\u021bul Ilfov\u201d<\/p>\n<p>Valoarea total\u0103 a proiectului: <strong>3,427,094.05 lei<\/strong><\/p>\n<p>Cheltuieli totale nerambursabile: <strong>3,319,836.27 lei<\/strong><br \/>\nCheltuieli totale contribu\u021bie proprie: <strong>67,751.78 lei<\/strong><br \/>\n<strong>Durata proiectului este de <\/strong>10 luni. Astfel, finalizarea acestuia se va face la data de 31.10.2022.[\/vc_column_text]<div class=\"vcex-spacing wpex-w-100 wpex-clear\" style=\"height:40px;\"><\/div><a href=\"https:\/\/poc.primariapantelimon.ro\/services\/\" title=\"View Demos\" class=\"vcex-button theme-button inline\" style=\"background:#1787e5;padding:12px 20px;font-size:14px;font-weight:700;margin:0 10px 5px 0;\" data-wpex-hover='{&quot;background&quot;:&quot;#3397eb&quot;}'><span class=\"theme-button-inner\"><span class=\"vcex-icon-wrap theme-button-icon-left\"><span class=\"ticon ticon-eye\" aria-hidden=\"true\"><\/span><\/span>Descrierea Proiectului<\/span><\/a> <a href=\"https:\/\/poc.primariapantelimon.ro\/contact\/\" title=\"Get Started\" class=\"vcex-button theme-button inline\" style=\"background:#92bc26;padding:12px 20px;font-size:14px;font-weight:700;margin:0 0 5px;\" rel=\"sponsored\" data-wpex-hover='{&quot;background&quot;:&quot;#a7d52f&quot;}'><span class=\"theme-button-inner\">Contact<span class=\"vcex-icon-wrap theme-button-icon-right\"><span class=\"ticon ticon-arrow-circle-right\" aria-hidden=\"true\"><\/span><\/span><\/span><\/a> [\/vc_column][vc_column width=&#8221;1\/3&#8243; offset=&#8221;vc_hidden-xs&#8221;][vc_single_image image=&#8221;69&#8243; alignment=&#8221;center&#8221;][\/vc_column][\/vc_row][vc_row full_width=&#8221;stretch_row&#8221; column_spacing=&#8221;60&#8243; css=&#8221;.vc_custom_1489869155516{padding-top: 100px !important;padding-bottom: 40px !important;background-color: #efefef !important;}&#8221;][vc_column width=&#8221;1\/2&#8243;]<figure class=\"vcex-image vcex-module wpex-clr\"><div class=\"vcex-image-inner wpex-relative wpex-inline-block\"><img width=\"1380\" height=\"920\" src=\"https:\/\/poc.primariapantelimon.ro\/wp-content\/uploads\/2022\/07\/copii-laptop.webp\" class=\"wpex-align-middle\" alt=\"\" loading=\"lazy\" srcset=\"https:\/\/poc.primariapantelimon.ro\/wp-content\/uploads\/2022\/07\/copii-laptop.webp 1380w, https:\/\/poc.primariapantelimon.ro\/wp-content\/uploads\/2022\/07\/copii-laptop-300x200.webp 300w, https:\/\/poc.primariapantelimon.ro\/wp-content\/uploads\/2022\/07\/copii-laptop-1024x683.webp 1024w, https:\/\/poc.primariapantelimon.ro\/wp-content\/uploads\/2022\/07\/copii-laptop-768x512.webp 768w\" sizes=\"(max-width: 1380px) 100vw, 1380px\" \/><\/div><\/figure>[vc_empty_space]<figure class=\"vcex-image vcex-module wpex-clr\"><div class=\"vcex-image-inner wpex-relative wpex-inline-block\"><img width=\"900\" height=\"720\" src=\"https:\/\/poc.primariapantelimon.ro\/wp-content\/uploads\/2022\/07\/copil-laptop.webp\" class=\"wpex-align-middle\" alt=\"\" loading=\"lazy\" srcset=\"https:\/\/poc.primariapantelimon.ro\/wp-content\/uploads\/2022\/07\/copil-laptop.webp 900w, https:\/\/poc.primariapantelimon.ro\/wp-content\/uploads\/2022\/07\/copil-laptop-300x240.webp 300w, https:\/\/poc.primariapantelimon.ro\/wp-content\/uploads\/2022\/07\/copil-laptop-768x614.webp 768w\" sizes=\"(max-width: 900px) 100vw, 900px\" \/><\/div><\/figure>[\/vc_column][vc_column width=&#8221;1\/2&#8243;]<div class=\"vcex-heading vcex-module wpex-text-2xl wpex-font-normal wpex-m-auto wpex-max-w-100 vcex-heading-plain wpex-block\" style=\"color:#222222;font-size:20px;font-weight:500;\"><span class=\"vcex-heading-inner wpex-inline-block wpex-clr\">Obiective proiect:<\/span><\/div><div class=\"vcex-spacing wpex-w-100 wpex-clear\" style=\"height:10px;\"><\/div>[vc_column_text]Asigurarea accesului la educa\u021bie online al elevilor de la \u0218coala Gimnazial\u0103 nr.1 Pantelimon, ora\u0219 Pantelimon, jude\u021bul Ilfov, prin achizi\u021bionarea de tablete \u0219i echipamente\/dispozitive electronice necesare activit\u0103\u021bii didactice \u00een contextul pandemiei de Covid-19. Astfel, se va asigura accesul elevilor la educa\u021bie continu\u0103 \u00een condi\u021bii de siguran\u021b\u0103, calitate \u0219i atractivitate, fiind astfel redus abandonul \u0219colar \u0219i p\u0103r\u0103sirea timpurie a \u0219colii, ceea ce va determina o rat\u0103 mai mare de absolvire a \u00eenv\u0103\u021b\u0103m\u00e2ntului obligatoriu \u0219i implicit o cre\u0219tere a num\u0103rului de elevi c\u0103tre niveluri superioare de educa\u021bie.[\/vc_column_text]<div class=\"vcex-spacing wpex-w-100 wpex-clear\" style=\"height:40px;\"><\/div><div class=\"vcex-heading vcex-module wpex-text-2xl wpex-font-normal wpex-m-auto wpex-max-w-100 vcex-heading-plain wpex-block\" style=\"color:#222222;font-size:20px;font-weight:500;\"><span class=\"vcex-heading-inner wpex-inline-block wpex-clr\">Scop<\/span><\/div><div class=\"vcex-spacing wpex-w-100 wpex-clear\" style=\"height:10px;\"><\/div>[vc_column_text]Dasc\u0103li valoro\u0219i \u0219i foarte bine preg\u0103ti\u021bi profesional predau \u00een aceast\u0103 \u0219coal\u0103. Competentele profesionale de excep\u021bie ale colectivului didactic cumulate cu dorin\u021ba de instruire a elevilor, stau la baza transform\u0103rii \u0219colii \u00eentr-un etalon al \u00eenaltei performan\u021be. Dorin\u021ba colectivului profesional se vrea a fi men\u021binut\u0103 \u0219i \u00een pandemie, odat\u0103 cu trecerea \u00eenv\u0103\u021b\u0103m\u00e2ntului \u00een online.<\/p>\n<p>Achizi\u021bia de echipamente IT \u0219i dotarea elevilor\/cadrelor didactice cu ehipamente de tip tablete, va determina \u00eembun\u0103t\u0103\u021birea calit\u0103\u021bii actului educativ \u00een mediul online, care \u00een timp, va duce la sc\u0103derea r\u0103sp\u00e2ndirii infect\u0103rii cu SARS-Cov 2, dar \u0219i a abandonului \u0219colar;<\/p>\n<p>Din punct de vedere financiar, proiectul va aduce un beneficiu considerabil, cuantificabil monetar care const\u0103 \u00een diminuarea costurilor cu energia electric\u0103\/termic\u0103 pe perioada \u0219colii online. \u00cen timp, economiile la bugetul local vor putea fi redirec\u021bionate c\u0103tre alte proiecte\/investi\u021bii pentru cre\u0219terea calit\u0103\u021bii vie\u021bii \u00een ora\u0219ul Pantelimon;<\/p>\n<p>Din punct de vedere al protej\u0103rii mediului \u00eenconjur\u0103tor, \u00a0folosirea tehnologiilor moderne, prietenoase cu mediul \u00eenconjurator, echipamente care au un consum redus de energie vor conduce la un impact sc\u0103zut asupra mediului.<\/p>\n<p>Realizarea proiectului este necesar\u0103 pentru a crea pentru 1500 de elevi, un mediu educa\u021bional care s\u0103 le ofere confortul minim, siguran\u021ba \u0219i s\u0103 le permit desf\u0103\u0219urarea unui proces instructiv-educativ eficient \u00een mediul online.[\/vc_column_text][\/vc_column][\/vc_row][vc_row full_width=&#8221;stretch_row&#8221; css=&#8221;.vc_custom_1489869179467{padding-top: 40px !important;background-color: #3291e5 !important;}&#8221;][vc_column]<div class=\"vcex-heading vcex-module wpex-text-2xl wpex-font-normal wpex-m-auto wpex-max-w-100 vcex-heading-plain wpex-block wpex-text-center\" style=\"color:#ffffff;font-size:21px;\"><span class=\"vcex-heading-inner wpex-inline-block wpex-clr\">Obiectivele specifice ale proiectului<\/span><\/div>[\/vc_column][\/vc_row][vc_row column_spacing=&#8221;60&#8243; remove_bottom_col_margin=&#8221;true&#8221; css=&#8221;.vc_custom_1651546014180{padding-top: 80px !important;padding-bottom: 80px !important;}&#8221;][vc_column]<div class=\"vcex-grid-container vcex-module wpex-grid wpex-gap-20 wpex-grid-cols-4 wpex-sm-grid-cols-2 wpex-md-grid-cols-2 wpex-lg-grid-cols-2 wpex-xl-grid-cols-2\" style=\"gap:40px;\"><div class=\"vcex-module vcex-icon-box vcex-icon-box-one wpex-relative wpex-flex wpex-text-left\"><div class=\"vcex-icon-box-symbol wpex-flex-shrink-0 wpex-mr-20\"><div class=\"vcex-icon-box-icon wpex-inline-flex wpex-items-center wpex-justify-center wpex-child-inherit-color wpex-text-center wpex-leading-none wpex-text-1\"><span class=\"vc_li vc_li-settings\" aria-hidden=\"true\"><\/span><\/div><\/div><div class=\"vcex-icon-box-text wpex-flex-grow\"><h2 class=\"vcex-icon-box-heading wpex-heading wpex-text-md wpex-mb-10\" style=\"font-weight:500;color:#222222;font-size:18px;\">OS1: Achizi\u021bionarea de echipamente IT<\/h2><div class=\"vcex-icon-box-content wpex-last-mb-0 wpex-clr\"><p>OS1: Achizi\u021bionarea de echipamente IT pentru un num\u0103r de 1500 elevi \u0219i 100 cadre didactice pentru \u0218coala Gimnazial\u0103 nr.1, ora\u0219 Pantelimon, jude\u021bul Ilfov;<\/p>\n<\/div><\/div><\/div><div class=\"vcex-module vcex-icon-box vcex-icon-box-one wpex-relative wpex-flex wpex-text-left\"><div class=\"vcex-icon-box-symbol wpex-flex-shrink-0 wpex-mr-20\"><div class=\"vcex-icon-box-icon wpex-inline-flex wpex-items-center wpex-justify-center wpex-child-inherit-color wpex-text-center wpex-leading-none wpex-text-1\"><span class=\"vc_li vc_li-like\" aria-hidden=\"true\"><\/span><\/div><\/div><div class=\"vcex-icon-box-text wpex-flex-grow\"><h2 class=\"vcex-icon-box-heading wpex-heading wpex-text-md wpex-mb-10\" style=\"font-weight:500;color:#222222;font-size:18px;\">OS2: Dotarea spa\u021biilor \u0219colare<\/h2><div class=\"vcex-icon-box-content wpex-last-mb-0 wpex-clr\"><p>OS2: Dotarea spa\u021biilor \u0219colare cu echipamente\/dispozitive necesare desf\u0103\u0219ur\u0103rii activit\u0103\u021bii didactice \u00een sistem online\/la distan\u021b\u0103.<\/p>\n<\/div><\/div><\/div><div class=\"vcex-module vcex-icon-box vcex-icon-box-one wpex-relative wpex-flex wpex-text-left\"><div class=\"vcex-icon-box-symbol wpex-flex-shrink-0 wpex-mr-20\"><div class=\"vcex-icon-box-icon wpex-inline-flex wpex-items-center wpex-justify-center wpex-child-inherit-color wpex-text-center wpex-leading-none wpex-text-1\"><span class=\"vc_li vc_li-star\" aria-hidden=\"true\"><\/span><\/div><\/div><div class=\"vcex-icon-box-text wpex-flex-grow\"><h2 class=\"vcex-icon-box-heading wpex-heading wpex-text-md wpex-mb-10\" style=\"font-weight:500;color:#222222;font-size:18px;\">OS3 Asigurarea accesului echitabil<\/h2><div class=\"vcex-icon-box-content wpex-last-mb-0 wpex-clr\"><p>Asigurarea accesului echitabil al elevilor la resurse \u0219i instrumente digitale cu valoare adaugat\u0103 pentru \u00eenv\u0103\u021bare, dedicate fiec\u0103rei categorii de beneficiari ai \u00eenv\u0103\u021b\u0103m\u00e2ntului preuniversitar de stat pentru fiecare nivel de studiu \u0219i disciplin\u0103.<\/p>\n<\/div><\/div><\/div><div class=\"vcex-module vcex-icon-box vcex-icon-box-one wpex-relative wpex-flex wpex-text-left\"><div class=\"vcex-icon-box-symbol wpex-flex-shrink-0 wpex-mr-20\"><div class=\"vcex-icon-box-icon wpex-inline-flex wpex-items-center wpex-justify-center wpex-child-inherit-color wpex-text-center wpex-leading-none wpex-text-1\"><span class=\"vc_li vc_li-lab\" aria-hidden=\"true\"><\/span><\/div><\/div><div class=\"vcex-icon-box-text wpex-flex-grow\"><h2 class=\"vcex-icon-box-heading wpex-heading wpex-text-md wpex-mb-10\" style=\"font-weight:500;color:#222222;font-size:18px;\">OS4: Evitarea rasp\u00e2ndirii infect\u0103rii cu SARS-CoV-2<\/h2><div class=\"vcex-icon-box-content wpex-last-mb-0 wpex-clr\"><p>Evitarea rasp\u00e2ndirii infect\u0103rii cu virusul SARS-CoV-2 la nivelul comunit\u0103\u021bii locale pe durata desf\u0103\u0219ur\u0103rii \u0219colii online urmare reducerii timpului petrecut \u00een comunitate al elevilior \u0219i cadrelor didactice, prin cre\u0219terea timpului \u00een propria locuin\u021b\u0103.<\/p>\n<\/div><\/div><\/div><\/div>[\/vc_column][\/vc_row]\n","protected":false},"excerpt":{"rendered":"<p>[vc_row full_width=&#8221;stretch_row&#8221; css=&#8221;.vc_custom_1489869133837{padding-top: 100px !important;padding-bottom: 60px !important;background-color: #f2f2f2 !important;}&#8221;][vc_column width=&#8221;2\/3&#8243; offset=&#8221;vc_col-xs-12&#8243;][vc_column_text]de educa\u021bie \u00een mediul online pentru anul \u0219colar 2020- 2021 la \u0218coala Gimnazial\u0103 nr. 1 din Ora\u0219ul Pantelimon, jude\u021bul Ilfov\u201d Valoarea total\u0103 a proiectului: 3,427,094.05 lei Cheltuieli totale nerambursabile: 3,319,836.27 lei Cheltuieli totale contribu\u021bie proprie: 67,751.78 lei Durata proiectului este de 10 luni. Astfel, finalizarea&hellip;<\/p>\n","protected":false},"author":1,"featured_media":0,"parent":0,"menu_order":0,"comment_status":"closed","ping_status":"closed","template":"","meta":[],"yoast_head":"<!-- This site is optimized with the Yoast SEO plugin v19.2 - https:\/\/yoast.com\/wordpress\/plugins\/seo\/ -->\n<title>Prim\u0103ria Pantelimon<\/title>\n<meta name=\"description\" content=\"Desf\u0103\u0219urarea \u00een bune conditii a serviciului publicde educa\u021bie \u00een mediul online pentru anul \u0219colar 2020- 2021 la \u0218coala Gimnazial\u0103 nr. 1 din Ora\u0219ul Pantelimon, jude\u021bul Ilfov\u201d\" \/>\n<meta name=\"robots\" content=\"index, follow, max-snippet:-1, max-image-preview:large, max-video-preview:-1\" \/>\n<link rel=\"canonical\" href=\"https:\/\/poc.primariapantelimon.ro\/\" \/>\n<meta property=\"og:locale\" content=\"ro_RO\" \/>\n<meta property=\"og:type\" content=\"article\" \/>\n<meta property=\"og:title\" content=\"Prim\u0103ria Pantelimon\" \/>\n<meta property=\"og:description\" content=\"Desf\u0103\u0219urarea \u00een bune conditii a serviciului publicde educa\u021bie \u00een mediul online pentru anul \u0219colar 2020- 2021 la \u0218coala Gimnazial\u0103 nr. 1 din Ora\u0219ul Pantelimon, jude\u021bul Ilfov\u201d\" \/>\n<meta property=\"og:url\" content=\"https:\/\/poc.primariapantelimon.ro\/\" \/>\n<meta property=\"og:site_name\" content=\"POC\" \/>\n<meta property=\"article:modified_time\" content=\"2022-07-12T06:22:45+00:00\" \/>\n<meta name=\"author\" content=\"adminpoc\" \/>\n<meta name=\"twitter:card\" content=\"summary_large_image\" \/>\n<meta name=\"twitter:label1\" content=\"Timp estimat pentru citire\" \/>\n\t<meta name=\"twitter:data1\" content=\"5 minute\" \/>\n<script type=\"application\/ld+json\" class=\"yoast-schema-graph\">{\"@context\":\"https:\/\/schema.org\",\"@graph\":[{\"@type\":\"WebSite\",\"@id\":\"https:\/\/poc.primariapantelimon.ro\/#website\",\"url\":\"https:\/\/poc.primariapantelimon.ro\/\",\"name\":\"POC\",\"description\":\"\",\"potentialAction\":[{\"@type\":\"SearchAction\",\"target\":{\"@type\":\"EntryPoint\",\"urlTemplate\":\"https:\/\/poc.primariapantelimon.ro\/?s={search_term_string}\"},\"query-input\":\"required name=search_term_string\"}],\"inLanguage\":\"ro-RO\"},{\"@type\":\"WebPage\",\"@id\":\"https:\/\/poc.primariapantelimon.ro\/#webpage\",\"url\":\"https:\/\/poc.primariapantelimon.ro\/\",\"name\":\"Prim\u0103ria Pantelimon\",\"isPartOf\":{\"@id\":\"https:\/\/poc.primariapantelimon.ro\/#website\"},\"datePublished\":\"2015-06-30T16:04:08+00:00\",\"dateModified\":\"2022-07-12T06:22:45+00:00\",\"description\":\"Desf\u0103\u0219urarea \u00een bune conditii a serviciului publicde educa\u021bie \u00een mediul online pentru anul \u0219colar 2020- 2021 la \u0218coala Gimnazial\u0103 nr. 1 din Ora\u0219ul Pantelimon, jude\u021bul Ilfov\u201d\",\"breadcrumb\":{\"@id\":\"https:\/\/poc.primariapantelimon.ro\/#breadcrumb\"},\"inLanguage\":\"ro-RO\",\"potentialAction\":[{\"@type\":\"ReadAction\",\"target\":[\"https:\/\/poc.primariapantelimon.ro\/\"]}]},{\"@type\":\"BreadcrumbList\",\"@id\":\"https:\/\/poc.primariapantelimon.ro\/#breadcrumb\",\"itemListElement\":[{\"@type\":\"ListItem\",\"position\":1,\"name\":\"Prima pagin\u0103\",\"item\":\"https:\/\/poc.primariapantelimon.ro\/\"},{\"@type\":\"ListItem\",\"position\":2,\"name\":\"Acasa\"}]}]}<\/script>\n<!-- \/ Yoast SEO plugin. -->","yoast_head_json":{"title":"Prim\u0103ria Pantelimon","description":"Desf\u0103\u0219urarea \u00een bune conditii a serviciului publicde educa\u021bie \u00een mediul online pentru anul \u0219colar 2020- 2021 la \u0218coala Gimnazial\u0103 nr. 1 din Ora\u0219ul Pantelimon, jude\u021bul Ilfov\u201d","robots":{"index":"index","follow":"follow","max-snippet":"max-snippet:-1","max-image-preview":"max-image-preview:large","max-video-preview":"max-video-preview:-1"},"canonical":"https:\/\/poc.primariapantelimon.ro\/","og_locale":"ro_RO","og_type":"article","og_title":"Prim\u0103ria Pantelimon","og_description":"Desf\u0103\u0219urarea \u00een bune conditii a serviciului publicde educa\u021bie \u00een mediul online pentru anul \u0219colar 2020- 2021 la \u0218coala Gimnazial\u0103 nr. 1 din Ora\u0219ul Pantelimon, jude\u021bul Ilfov\u201d","og_url":"https:\/\/poc.primariapantelimon.ro\/","og_site_name":"POC","article_modified_time":"2022-07-12T06:22:45+00:00","author":"adminpoc","twitter_card":"summary_large_image","twitter_misc":{"Timp estimat pentru citire":"5 minute"},"schema":{"@context":"https:\/\/schema.org","@graph":[{"@type":"WebSite","@id":"https:\/\/poc.primariapantelimon.ro\/#website","url":"https:\/\/poc.primariapantelimon.ro\/","name":"POC","description":"","potentialAction":[{"@type":"SearchAction","target":{"@type":"EntryPoint","urlTemplate":"https:\/\/poc.primariapantelimon.ro\/?s={search_term_string}"},"query-input":"required name=search_term_string"}],"inLanguage":"ro-RO"},{"@type":"WebPage","@id":"https:\/\/poc.primariapantelimon.ro\/#webpage","url":"https:\/\/poc.primariapantelimon.ro\/","name":"Prim\u0103ria Pantelimon","isPartOf":{"@id":"https:\/\/poc.primariapantelimon.ro\/#website"},"datePublished":"2015-06-30T16:04:08+00:00","dateModified":"2022-07-12T06:22:45+00:00","description":"Desf\u0103\u0219urarea \u00een bune conditii a serviciului publicde educa\u021bie \u00een mediul online pentru anul \u0219colar 2020- 2021 la \u0218coala Gimnazial\u0103 nr. 1 din Ora\u0219ul Pantelimon, jude\u021bul Ilfov\u201d","breadcrumb":{"@id":"https:\/\/poc.primariapantelimon.ro\/#breadcrumb"},"inLanguage":"ro-RO","potentialAction":[{"@type":"ReadAction","target":["https:\/\/poc.primariapantelimon.ro\/"]}]},{"@type":"BreadcrumbList","@id":"https:\/\/poc.primariapantelimon.ro\/#breadcrumb","itemListElement":[{"@type":"ListItem","position":1,"name":"Prima pagin\u0103","item":"https:\/\/poc.primariapantelimon.ro\/"},{"@type":"ListItem","position":2,"name":"Acasa"}]}]}},"_links":{"self":[{"href":"https:\/\/poc.primariapantelimon.ro\/index.php?rest_route=\/wp\/v2\/pages\/2"}],"collection":[{"href":"https:\/\/poc.primariapantelimon.ro\/index.php?rest_route=\/wp\/v2\/pages"}],"about":[{"href":"https:\/\/poc.primariapantelimon.ro\/index.php?rest_route=\/wp\/v2\/types\/page"}],"author":[{"embeddable":true,"href":"https:\/\/poc.primariapantelimon.ro\/index.php?rest_route=\/wp\/v2\/users\/1"}],"replies":[{"embeddable":true,"href":"https:\/\/poc.primariapantelimon.ro\/index.php?rest_route=%2Fwp%2Fv2%2Fcomments&post=2"}],"version-history":[{"count":25,"href":"https:\/\/poc.primariapantelimon.ro\/index.php?rest_route=\/wp\/v2\/pages\/2\/revisions"}],"predecessor-version":[{"id":525,"href":"https:\/\/poc.primariapantelimon.ro\/index.php?rest_route=\/wp\/v2\/pages\/2\/revisions\/525"}],"wp:attachment":[{"href":"https:\/\/poc.primariapantelimon.ro\/index.php?rest_route=%2Fwp%2Fv2%2Fmedia&parent=2"}],"curies":[{"name":"wp","href":"https:\/\/api.w.org\/{rel}","templated":true}]}}